{"id":3444,"date":"2021-06-25T10:23:46","date_gmt":"2021-06-25T13:23:46","guid":{"rendered":"https:\/\/calzasalipapamayorista.com.ar\/?page_id=3444"},"modified":"2021-06-25T15:37:00","modified_gmt":"2021-06-25T18:37:00","slug":"como-comprar","status":"publish","type":"page","link":"https:\/\/calzasalipapamayorista.com.ar\/?page_id=3444","title":{"rendered":"C\u00f3mo comprar"},"content":{"rendered":"\t\t<div data-elementor-type=\"wp-page\" data-elementor-id=\"3444\" class=\"elementor elementor-3444\">\n\t\t\t\t\t\t<section class=\"elementor-section elementor-top-section elementor-element elementor-element-eb30a12 elementor-section-boxed elementor-section-height-default elementor-section-height-default\" data-id=\"eb30a12\" data-element_type=\"section\">\n\t\t\t\t\t\t<div class=\"elementor-container elementor-column-gap-default\">\n\t\t\t\t\t<div class=\"elementor-column elementor-col-100 elementor-top-column elementor-element elementor-element-04f6158\" data-id=\"04f6158\" data-element_type=\"column\">\n\t\t\t<div class=\"elementor-widget-wrap elementor-element-populated\">\n\t\t\t\t\t\t<div class=\"elementor-element elementor-element-76c8253 elementor-widget elementor-widget-heading\" data-id=\"76c8253\" data-element_type=\"widget\" data-widget_type=\"heading.default\">\n\t\t\t\t<div class=\"elementor-widget-container\">\n\t\t\t\t\t<h2 class=\"elementor-heading-title elementor-size-default\">C\u00f3mo Comprar<\/h2>\t\t\t\t<\/div>\n\t\t\t\t<\/div>\n\t\t\t\t<div class=\"elementor-element elementor-element-2726438 elementor-widget elementor-widget-text-editor\" data-id=\"2726438\" data-element_type=\"widget\" data-widget_type=\"text-editor.default\">\n\t\t\t\t<div class=\"elementor-widget-container\">\n\t\t\t\t\t\t\t\t\t<p><strong>\u00bfC\u00f3mo realizar una compra?<br \/><\/strong><\/p><ol><li><em>Ingres\u00e1<\/em>\u00a0al sitio:\u00a0<strong>www.calzasalipapa.com.ar<\/strong>, en\u00a0la secci\u00f3n\u00a0<strong>Tienda\u00a0<\/strong>encontrar\u00e1s todos los productos disponibles<\/li><li><em>Seleccion\u00e1<\/em>\u00a0todos los productos que desees y agregalos al\u00a0<strong>Carrito de Compras\u00a0<\/strong>haciendo un clic en\u00a0<strong>Agregar al carrito<\/strong>. Si el producto tiene variantes de talle y color primero debes seleccionar \u00a0cada variante\u00a0\u00a0<em>(color, talle)<\/em>\u00a0y luego la cantidad.<\/li><li>Para pagar simplemente haz\u00a0clic en el icono del\u00a0<strong>carrito<\/strong>\u00a0y te llevara a tu pedido. Podr\u00e1s editar cantidades o borrar alg\u00fan producto.<br \/>Si\u00a0<em>editaste<\/em>\u00a0tu pedido no te olvides de presionar el bot\u00f3n<strong>\u201cactualizar pedido\u201d<\/strong>.\u00a0Selecciona la empresa de transporte y haz clic en\u00a0<strong>\u201cfinalizar compra\u201d.<\/strong><\/li><li><em>Complet\u00e1<\/em>\u00a0todos los datos de facturaci\u00f3n y direcci\u00f3n de env\u00edo, revisa nuevamente tu pedido.<\/li><li><em>Selecciona<\/em>\u00a0la \u201c<strong>forma de pago\u201d<\/strong>\u00a0y no te olvides de leer y aceptar los\u00a0<em>t\u00e9rminos y condiciones<\/em>\u00a0para poder realizar el pedido.<\/li><li>Una vez realizada la compra nos contactaremos por Whatsapp para coordinar el medio de pago y\/o el env\u00edo.<\/li><\/ol><p>\u00a0<\/p><p><strong>\u00bfCu\u00e1les son los medios de pago?<\/strong><\/p><p>\u00a0 \u00a0 \u00a0 \u00a0 Los pagos pueden efectuarse mediante las siguientes opciones:<\/p><ul><li><strong>Efectivo<\/strong><\/li><li><strong>Transferencia o deposito\u00a0<\/strong><\/li><li><strong>MercadoPago<\/strong><\/li><li><strong>Pago f\u00e1cil, Rapipago y Provincia Net<\/strong><em>(se acredita en 24hs-48hs)<\/em><\/li><\/ul><p>\u00a0<\/p><p><strong>\u00bfSe necesita CUIT para comprar?<\/strong><\/p><p>\u00a0 \u00a0 \u00a0 \u00a0 S\u00ed. Necesitas CUIT para realizar la compra.<\/p><p>\u00a0<\/p><p>Si ten\u00e9s alguna duda de como proceder pod\u00e9s enviarnos un\u00a0<strong>WhatsApp<\/strong>\u00a0 al +<a href=\"https:\/\/wa.me\/5491173677200\" data-type=\"URL\" data-id=\"http:\/\/wa.me\/5491124047705\">54 9 11 7367 7200<\/a> en el horario de atenci\u00f3n (8 a 17hs).<\/p>\t\t\t\t\t\t\t\t<\/div>\n\t\t\t\t<\/div>\n\t\t\t\t\t<\/div>\n\t\t<\/div>\n\t\t\t\t\t<\/div>\n\t\t<\/section>\n\t\t\t\t<\/div>\n\t\t","protected":false},"excerpt":{"rendered":"<p>C\u00f3mo Comprar \u00bfC\u00f3mo realizar una compra? Ingres\u00e1\u00a0al sitio:\u00a0www.calzasalipapa.com.ar, en\u00a0la secci\u00f3n\u00a0Tienda\u00a0encontrar\u00e1s todos los productos disponibles Seleccion\u00e1\u00a0todos los productos que desees y agregalos al\u00a0Carrito de Compras\u00a0haciendo un clic en\u00a0Agregar al carrito. Si el producto tiene variantes de talle y color primero debes seleccionar \u00a0cada variante\u00a0\u00a0(color, talle)\u00a0y luego la cantidad. Para pagar simplemente haz\u00a0clic en el icono del\u00a0carrito\u00a0y [&hellip;]<\/p>\n","protected":false},"author":2,"featured_media":0,"parent":0,"menu_order":0,"comment_status":"closed","ping_status":"closed","template":"","meta":{"site-sidebar-layout":"no-sidebar","site-content-layout":"page-builder","ast-site-content-layout":"default","site-content-style":"default","site-sidebar-style":"default","ast-global-header-display":"","ast-banner-title-visibility":"","ast-main-header-display":"","ast-hfb-above-header-display":"","ast-hfb-below-header-display":"","ast-hfb-mobile-header-display":"","site-post-title":"disabled","ast-breadcrumbs-content":"","ast-featured-img":"disabled","footer-sml-layout":"","ast-disable-related-posts":"","theme-transparent-header-meta":"default","adv-header-id-meta":"","stick-header-meta":"","header-above-stick-meta":"","header-main-stick-meta":"","header-below-stick-meta":"","astra-migrate-meta-layouts":"default","ast-page-background-enabled":"default","ast-page-background-meta":{"desktop":{"background-color":"","background-image":"","background-repeat":"repeat","background-position":"center center","background-size":"auto","background-attachment":"scroll","background-type":"","background-media":"","overlay-type":"","overlay-color":"","overlay-opacity":"","overlay-gradient":""},"tablet":{"background-color":"","background-image":"","background-repeat":"repeat","background-position":"center center","background-size":"auto","background-attachment":"scroll","background-type":"","background-media":"","overlay-type":"","overlay-color":"","overlay-opacity":"","overlay-gradient":""},"mobile":{"background-color":"","background-image":"","background-repeat":"repeat","background-position":"center center","background-size":"auto","background-attachment":"scroll","background-type":"","background-media":"","overlay-type":"","overlay-color":"","overlay-opacity":"","overlay-gradient":""}},"ast-content-background-meta":{"desktop":{"background-color":"var(--ast-global-color-5)","background-image":"","background-repeat":"repeat","background-position":"center center","background-size":"auto","background-attachment":"scroll","background-type":"","background-media":"","overlay-type":"","overlay-color":"","overlay-opacity":"","overlay-gradient":""},"tablet":{"background-color":"var(--ast-global-color-5)","background-image":"","background-repeat":"repeat","background-position":"center center","background-size":"auto","background-attachment":"scroll","background-type":"","background-media":"","overlay-type":"","overlay-color":"","overlay-opacity":"","overlay-gradient":""},"mobile":{"background-color":"var(--ast-global-color-5)","background-image":"","background-repeat":"repeat","background-position":"center center","background-size":"auto","background-attachment":"scroll","background-type":"","background-media":"","overlay-type":"","overlay-color":"","overlay-opacity":"","overlay-gradient":""}},"footnotes":""},"class_list":["post-3444","page","type-page","status-publish","hentry"],"_links":{"self":[{"href":"https:\/\/calzasalipapamayorista.com.ar\/index.php?rest_route=\/wp\/v2\/pages\/3444","targetHints":{"allow":["GET"]}}],"collection":[{"href":"https:\/\/calzasalipapamayorista.com.ar\/index.php?rest_route=\/wp\/v2\/pages"}],"about":[{"href":"https:\/\/calzasalipapamayorista.com.ar\/index.php?rest_route=\/wp\/v2\/types\/page"}],"author":[{"embeddable":true,"href":"https:\/\/calzasalipapamayorista.com.ar\/index.php?rest_route=\/wp\/v2\/users\/2"}],"replies":[{"embeddable":true,"href":"https:\/\/calzasalipapamayorista.com.ar\/index.php?rest_route=%2Fwp%2Fv2%2Fcomments&post=3444"}],"version-history":[{"count":0,"href":"https:\/\/calzasalipapamayorista.com.ar\/index.php?rest_route=\/wp\/v2\/pages\/3444\/revisions"}],"wp:attachment":[{"href":"https:\/\/calzasalipapamayorista.com.ar\/index.php?rest_route=%2Fwp%2Fv2%2Fmedia&parent=3444"}],"curies":[{"name":"wp","href":"https:\/\/api.w.org\/{rel}","templated":true}]}}